or of s and w.
24
Let n(z) = -3*z**2 + 13*z + 11. Let q be n(5). Suppose -2*t + 4*i = -142, -i - 3 = q. What is the greatest common divisor of t and 14?
7
Let k(g) = -47*g + 58. Let o be k(-4). What is the highest common divisor of o and 328?
82
Let x = 167 + -50. Let w(h) = h**3 - 49*h**2 - 34*h - 735. Let l be w(50). What is the highest common divisor of l and x?
13
Let o = 104 + -62. Let n(q) = -72*q + 130. Let x be n(-9). Let v = x - 400. What is the greatest common factor of o and v?
42
Let h = -54 + 92. Suppose h = v - 17. Let t(x) = -2*x**2 - 111*x - 749. Let p be t(-8). What is the highest common factor of v and p?
11
Let t be 4 - 0/((-10)/(4 - -1)). Suppose 5*a + 18 = i + 2*a, 5*i - 68 = t*a. Calculate the highest common factor of 60 and i.
12
Suppose 18*t + 26 = 20*t. Suppose -t*p + 1634 = 6*p. Suppose 11*o = 7*o + 172. What is the greatest common divisor of o and p?
43
Suppose 300*j + 63325 = 449*j. What is the highest common factor of j and 34?
17
Let s(g) = -g**2 + 245*g - 4117. Let b be s(84). What is the highest common factor of b and 69?
23
Let b(h) = -h - 89. Let a be b(-3). Let m be -2*(-1)/8 + a/(-8). Let x(z) = z**2 - 2*z + 8. Let w be x(-8). What is the highest common factor of w and m?
11
Suppose 4*v + 432 = 3*u, -8*v - 324 = -5*v + 3*u. Let f be 2/(2/(-15))*v/15. Calculate the highest common factor of f and 180.
36
Let o(p) = -p**3 + 41*p**2 - 6*p + 267. Let s be o(41). Let v = 349 - 202. What is the highest common factor of v and s?
21
Suppose f - 73 - 12 = 0. Let g = 4010 + -3976. Calculate the highest common factor of g and f.
17
Let s be ((-56)/35)/((-4)/705). What is the greatest common factor of 2914 and s?
94
Let l be (-61)/(-976) - (-15)/16. Let w(u) = -10*u. Let o be w(1). Let q be (-24)/(-10) - (-4)/o. Calculate the highest common divisor of l and q.
1
Suppose 41*b - 43*b - 2*j + 124 = 0, 68 = b + 2*j. Calculate the highest common factor of 3178 and b.
14
Let u be (-4 - -1) + (-344 - 2)*(0 - 2). Calculate the greatest common divisor of 52 and u.
13
Let f = -5817 - -5830. Suppose 0*g - 4 = -2*g. Suppose 351 = t + g*t. What is the highest common divisor of t and f?
13
Suppose -2*g + 9*g + 217 = 0. Let u = 14 - g. Let f = 54 + u. Calculate the highest common divisor of 11 and f.
11
Suppose 42*w - 7525 = 7217 - 4620. What is the greatest common divisor of w and 2410?
241
Let g(y) = y**2 - 11*y + 33. Let x be g(19). Let n = x + -179. What is the greatest common divisor of 33 and n?
3
Suppose 214 - 374 = -4*r. Let d = 43 - r. Suppose -18*m = -d*m - 420. What is the highest common factor of m and 8?
4
Let z be ((-84)/(-105))/(3/780). Suppose 312 = -0*f + 4*f. Calculate the highest common divisor of z and f.
26
Let n(y) = -y**2 + 45. Let l be n(0). Let o(s) = -719*s - 647. Let t be o(-1). Calculate the greatest common divisor of t and l.
9
Let j(y) = y + 192. Let d be j(0). Suppose -15 - 29 = -4*t - 2*r, -t + r = -14. What is the greatest common divisor of t and d?
12
Let s be (8 + -2)*16/48. Let k be (-160)/(7 - s)*-7. Calculate the highest common factor of k and 28.
28
Let j(c) = c**3 - 5*c**2 - 76*c + 969. Let w be j(23). What is the highest common divisor of 7 and w?
7
Let p = 12420 - 12378. Calculate the greatest common factor of 4431 and p.
21
Let x(f) = f**2 + 3*f + 5. Let h be x(-4). Suppose 0 = -65*a + 71*a + 1194. Let t = -154 - a. Calculate the highest common divisor of t and h.
9
Let j = -2 + 7. Let n(y) = -y**3 + 6*y**2 + 5*y - 6. Let u be n(j). Let l be 1965/((-50)/(-10)) + 8 + -5. Calculate the greatest common factor of u and l.
44
Let n be (21 + -9)/4 - 7 - -157. Calculate the highest common factor of n and 3128.
17
Let y = -6566 + 10192. Calculate the greatest common divisor of 74 and y.
74
Suppose -46*s + 6113 = -6077. Let z(v) = -11*v - 26. Let w be z(-12). Calculate the greatest common factor of w and s.
53
Let u(r) = r**2 - 22*r + 4. Let i be u(6). Let z = i - -135. Suppose 49*a - z*a = 72. Calculate the greatest common factor of a and 6.
6
Let v = 54 + -51. Suppose 9 = 2*d + v. Let m be 1 - (d - (-1 + 35)). Calculate the greatest common factor of m and 48.
16
Suppose a + 5 = -4*x + 2, 4*x - 66 = 2*a. Let p(y) = -2*y**2 - 49*y - 18. Let u be p(a). Calculate the greatest common divisor of u and 51.
51
Let h(r) = 5*r - 11. Let q be h(4). Suppose -2*v = -q - 3. Suppose 2*l = v*l - 120. Calculate the highest common factor of 6 and l.
6
Suppose 3*u - 2*n = -6*n + 884, -u + 4*n = -316. Let l be -6*75/(-360)*64. Calculate the greatest common divisor of u and l.
20
Let w(u) = 2*u**2 + 7*u + 2. Let c be w(-5). Suppose 2*f = 5*p - 83, p + 4*f + 36 - 57 = 0. Calculate the highest common divisor of p and c.
17
Let v = 15531 - 15363. Calculate the highest common factor of 654 and v.
6
Let b be (-140)/((-6)/3) - 0. Let i = -16373 + 16393. What is the highest common divisor of b and i?
10
Let q(x) = x**2 + 4*x - 21. Let h be q(0). Let c(y) = y**2 - 6*y + 58. Let l be c(h). What is the highest common factor of 25 and l?
25
Suppose -286*l = -5*q - 287*l + 8254, -4*l = -5*q + 8259. What is the greatest common divisor of 13 and q?
13
Let c = 13773 - 13656. What is the greatest common divisor of 429 and c?
39
Suppose 0*h = -h + 730. Suppose 3*q + 5*m - h = 0, -710 = -4*q + q + 5*m. Suppose 16*k = 6*k + q. What is the greatest common factor of 36 and k?
12
Let n(t) = 7*t**2 - 2*t - 3. Let m = 110 - 111. Let p be n(m). What is the highest common factor of 96 and p?
6
Let k be ((-2)/5)/((-18)/(-1755)*-3). Suppose -k*t = 21*t - 4828. What is the highest common divisor of 355 and t?
71
Suppose 7041 = 87*j - 5661. Let m = 31 - -42. What is the highest common divisor of j and m?
73
Suppose 7 = 2*i + 1. Let n = -417 + 420. Suppose 56*q - n*y - 75 = 53*q, 3*q = y + 67. What is the greatest common divisor of i and q?
3
Let l be (-6)/(-15) + (-74)/10. Let m = l - -32. Suppose 17*v - 22*v + 500 = 0. What is the highest common divisor of v and m?
25
Let s be -109*4*5/(-10) - 1. Let w = s + -207. Calculate the greatest common factor of 160 and w.
10
Suppose 15236 = 18*i - 3094 + 2688. What is the greatest common divisor of i and 237?
79
Let x be (-1 + 4)/3 - -155. Let a = -54215 - -54254. Calculate the greatest common divisor of a and x.
39
Let g = -1330 + 8897. What is the highest common factor of 161 and g?
161
Let v be (80/16 - (-6)/(-3))/(-1 - -2). What is the greatest common factor of 2031 and v?
3
Let c = -506 - -908. Suppose -340 = -28*n - 172. Calculate the greatest common factor of n and c.
6
Let c = -38 + 50. Suppose 0*y = 5*y - 580. Suppose -4*b - y = -a, 0*b - 15 = 3*b. Calculate the greatest common factor of a and c.
12
Let g = 21120 + -10500. What is the highest common divisor of 12 and g?
12
Let s(r) = -r**3 + 12*r**2 - 4*r + 211. Let z be s(13). Let a be (-20 - -8)*5/z. Let v = 2 - -2. Calculate the highest common factor of a and v.
2
Suppose 0 = 865*k - 867*k - 2572. Let o = 1884 + k. What is the highest common factor of 46 and o?
46
Suppose 41*t - 12 = 40*t. Let i be 6*t/27*3. Suppose 0*a - 48 = -i*a. Calculate the highest common factor of a and 78.
6
Suppose 3*h = n + 26, -3*n + 31 = 4*h - 21. Let i(w) = 2*w + h*w + w**2 + 2*w**2 - 2*w**2. Let d be i(9). What is the highest common factor of 27 and d?
27
Let l = 264 + -255. Let t(b) = 102*b - 428. Let g be t(l). Calculate the greatest common factor of g and 20.
10
Let b = 2282 - 2221. Calculate the greatest common factor of b and 976.
61
Let v = -75 - -145. Suppose -9*c - v = -10*c. Suppose 4*d + d + 25 = 0, -u + c = -4*d. Calculate the highest common factor of u and 10.
10
Suppose 221 = 3*z + 191, -5*a + 90 = z. Suppose 4*n - 2*o - 56 = 0, 4*n - 4*o + 0*o = 48. What is the highest common divisor of a and n?
16
Suppose -33*n + 98*n - 48*n - 34272 = 0. What is the highest common divisor of n and 64?
32
Let w = 5332 + -5034. Calculate the greatest common divisor of w and 13857.
149
Let s be 1/(1/(-1509)*3) - 4. Let g be s/(-9) + (-4)/(-6). Calculate the greatest common divisor of 76 and g.
19
Let i = 788 - -13. Let z = -556 + i. What is the highest common divisor of 49 and z?
49
Let y be -6 + 0 + -41 + 45 - -6. Let p be 180*27/306 - y/(-34). Let k = -19 - -35. Calculate the greatest common divisor of k and p.
16
Let i(j) be the second derivative of j**5/20 - 13